ime?
False
Is 2010695651 composite?
True
Is 1521665399 a composite number?
False
Is 24431426447 prime?
True
Is 24305852113 composite?
True
Is 211077295967 composite?
False
Is 3837033631 composite?
False
Is 237094679 composite?
True
Is 33130133809 a prime number?
True
Is 4640191027 a prime number?
True
Is 3940552243 a prime number?
False
Is 356469833 a composite number?
False
Is 13802803 a composite number?
True
Is 517002095 a prime number?
False
Is 11892342509 composite?
False
Is 1138311091 prime?
True
Is 200900857613 composite?
False
Is 1391816801 a prime number?
False
Is 812908027 prime?
False
Is 1738737295 a composite number?
True
Is 4959917923 prime?
True
Is 43231878461 a prime number?
True
Is 299773963063 prime?
True
Is 215109920417 a prime number?
False
Is 18545140501 a composite number?
False
Is 633053297 a composite number?
False
Is 2197817113 composite?
True
Is 3041304853 composite?
False
Is 20736591221 prime?
True
Is 2633602727 composite?
True
Is 4411838999 a composite number?
True
Is 17082797 a prime number?
True
Is 27225088699 a prime number?
False
Is 463798999 a prime number?
True
Is 42420245609 composite?
True
Is 174733697 composite?
True
Is 1696816397 a composite number?
False
Is 27514304171 a prime number?
True
Is 11638275161 composite?
True
Is 74624051 a prime number?
False
Is 105117617713 prime?
True
Is 434263499 a prime number?
True
Is 1104309301 prime?
True
Is 33750177743 a prime number?
True
Is 361963211 prime?
False
Is 243572161 a prime number?
False
Is 5842107911 a prime number?
True
Is 1791130397 a prime number?
False
Is 3675015679 composite?
True
Is 4370267339 composite?
False
Is 50506428107 a prime number?
False
Is 35559755147 a prime number?
False
Is 1265766655 a prime number?
False
Is 8613411277 prime?
False
Is 1204430173 a composite number?
False
Is 45475580467 a prime number?
True
Is 1236292979 a composite number?
False
Is 464289019 a composite number?
False
Is 5141909863 composite?
False
Is 78153033799 a prime number?
False
Is 5537096839 composite?
True
Is 1594871909 prime?
False
Is 6140367991 prime?
True
Is 16532873603 a composite number?
False
Is 6701620243 a composite number?
True
Is 267443416463 composite?
True
Is 5921460289 composite?
True
Is 121852579 prime?
False
Is 53482601591 prime?
True
Is 4330204699 a composite number?
True
Is 5589058127 a composite number?
False
Is 4820455091 prime?
True
Is 53032153133 composite?
False
Is 790334869 a composite number?
False
Is 1510714753 prime?
True
Is 10977991439 prime?
False
Is 1984605817 composite?
False
Is 52300086341 composite?
True
Is 1511362423 prime?
True
Is 8121039097 a composite number?
True
Is 2146637099 a composite number?
True
Is 2740091603 composite?
True
Is 2723375023 a composite number?
False
Is 13781950759 prime?
False
Is 11470559357 composite?
False
Is 3930246863 a prime number?
True
Is 85549957151 composite?
False
Is 1061042899 a prime number?
False
Is 2973455603 prime?
False
Is 12094272121 a prime number?
True
Is 34561616183 a composite number?
False
Is 34518747793 composite?
True
Is 781668127 a prime number?
True
Is 87931471 a composite number?
False
Is 44075195467 a prime number?
False
Is 2342065393 a composite number?
True
Is 1825369563 a composite number?
True
Is 611383183 prime?
False
Is 2052281879 prime?
False
Is 6028326431 a prime number?
True
Is 24885158107 prime?
True
Is 46001162807 a prime number?
False
Is 263505829449 composite?
True
Is 607040717 composite?
False
Is 11328892829 a composite number?
False
Is 41762456537 prime?
True
Is 2956872911 a composite number?
False
Is 46643633041 a prime number?
True
Is 1691356753 prime?
True
Is 8042640427 composite?
False
Is 867461479 prime?
False
Is 292414153 prime?
False
Is 11071182377 prime?
False
Is 1065210163 composite?
False
Is 6484250089 a prime number?
True
Is 1462289819 prime?
False
Is 244632684511 composite?
False
Is 3270750961 a prime number?
False
Is 464565843067 a composite number?
False
Is 700548533 a prime number?
False
Is 7625003 composite?
False
Is 112166903 composite?
False
Is 2503836505 prime?
False
Is 448904303 a composite number?
True
Is 209411599 a composite number?
True
Is 7479876473 composite?
False
Is 10236294511 composite?
True
Is 19910784343 a prime number?
True
Is 45642797 a prime number?
False
Is 1256843683 a composite number?
False
Is 161500543 prime?
True
Is 11647199285 prime?
False
Is 95020581859 a prime number?
False
Is 21204859213 a composite number?
True
Is 1291821353 a composite number?
False
Is 247021163 a prime number?
False
Is 24894567767 a composite number?
False
Is 4890951407 prime?
True
Is 789779933 composite?
True
Is 2359299511 a prime number?
True
Is 1691458523 a prime number?
False
Is 33530891627 a prime number?
True
Is 58646257217 a composite number?
True
Is 4664623237 a prime number?
True
Is 49624517 composite?
True
Is 157176459637 a composite number?
False
Is 66891015757 composite?
True
Is 363579529 composite?
False
Is 1558090211 composite?
True
Is 6855434293 composite?
True
Is 667675837 composite?
True
Is 69068998523 a composite number?
True
Is 329463889 a prime number?
False
Is 3979666909 composite?
True
Is 266623759 a composite number?
True
Is 981820349 a prime number?
True
Is 4448532898 a composite number?
True
Is 179664321869 composite?
False
Is 71840179511 a composite number?
False
Is 252868961 a prime number?
False
Is 2074889435 a composite number?
True
Is 17586029573 prime?
False
Is 3275711311 prime?
False
Is 10506667615 a composite number?
True
Is 5529671867 prime?
False
Is 46250634341 composite?
False
Is 5424049363 prime?
True
Is 146932427 prime?
True
Is 847670321 composite?
False
Is 33920750317 prime?
True
Is 3003198101 a prime number?
True
Is 6250457701 a prime number?
True
Is 6460382977 a composite number?
True
Is 1545443849 a prime number?
True
Is 14498252507 prime?
True
Is 1385743669 prime?
True
Is 657027337 prime?
False
Is 4915610927 composite?
False
Is 22220108837 a prime number?
True
Is 421365761 prime?
False
Is 1803815353 prime?
True
Is 48807053513 a composite number?
True
Is 3258876229 prime?
False
Is 28702179577 a composite number?
True
Is 2413872473 composite?
False
Is 12086795233 a prime number?
True
Is 101524364083 a prime number?
True
Is 3089316623 prime?
True
Is 5549195929 a composite number?
True
Is 4002944887 composite?
False
Is 3684030487 composite?
False
Is 7651654729 composite?
True
Is 4663905481 a composite number?
False
Is 1254886207 a composite number?
True
Is 406690013 a prime number?
False
Is 6795771043 a prime number?
True
Is 124969817809 prime?
False
Is 597011057 prime?
True
Is 3028482727 prime?
False
Is 32780399213 a prime number?
True
Is 23256415693 prime?
False
Is 4749776789 a prime number?
False
Is 6787128619 a composite number?
False
Is 28027282457 composite?
False
Is 39782092361 a composite number?
True
Is 419190073 a prime number?
True
Is 132507509 prime?
False
Is 6018126239 a composite number?
False
Is 8946655163 prime?
False
Is 7182478997 a prime number?
True
Is 338504795339 a prime number?
False
Is 14517559 a prime number?
False
Is 1782152933 composite?
True
Is 3887147909 a composite number?
True
Is 33023479547 composite?
False
Is 3842843435 composite?
True
Is 962594327 composite?
False
Is 3215324663 a composite number?
False
Is 215395177 a prime number?
True
Is 4717535077 a composite number?
True
Is 12089891245 a composite number?
True
Is 15786214517 composite?
True
Is 2656380001 prime?
False
Is 4742889519 prime?
False
Is 3201682903 prime?
False
Is 2932688371 composite?
True
Is 85114829 a prime number?
False
Is 6131873197 a composite number?
False
Is 32073237437 composite?
True
Is 2131587191 a prime number?
True
Is 150877484473 a prime number?
True
Is 6386626217 a prime number?
True
Is 3445357891 composite?
True
Is 98551633 prime?
True
Is 2961586669 composite?
False
Is 8535362249 a composite number?
True
Is 569124061 prime?
False
Is 7384919363 a prime number?
True
Is 3183399893 a prime number?
False
Is 11212573942 a prime number?
False
Is 1463652566 a composite number?
True
Is 364256663 composite?
False
Is 247846430717 a prime number?
True
Is 585464417 a composite number?
False
Is 6161368529 composite?
False
Is 15624066691 prime?
True
Is 3899874367 prime?
False
Is 1268725721 composite?
True
Is 56208